rime factors of (-3)/(-18) - g/30?
197
Suppose 58*f - 3 = 57*f. Suppose f*i - 414 = -3*h, 0*i = -4*i + 5*h + 597. List the prime factors of i.
11, 13
Suppose -66*p - 12713 = -67*p + 16*f, 0 = -2*p - 2*f + 25460. List the prime factors of p.
3, 4243
Let c = -57 + 62. Suppose c*x - 2*x + 0*x = 0. Let p(v) = -v**3 - 2*v + 40. List the prime factors of p(x).
2, 5
Let m(j) = -j**2 + 10*j - 13. Let f be 1*-1 + (-126)/(-14). Let a be m(f). Suppose 2*y = -a*y + 310. List the prime factors of y.
2, 31
Let j be (-6)/(-36) - 5966/12. Let z = -124 - j. What are the prime factors of z?
373
Let c be (-132)/(-15) + (-1)/(20/16). What are the prime factors of c/((-24)/(-631))*3?
631
What are the prime factors of (8735/(-4 + -1)*-3)/(6/2)?
1747
Let c be (-1)/((-2)/234*-1). Suppose -2*p = 0, 5*x = 230*p - 225*p - 397 - 548. Let l = c - x. What are the prime factors of l?
2, 3
Let o(v) = v**3 - 96*v**2 - 67*v - 22. List the prime factors of o(97).
2, 19
Suppose 91*q + 88*q - 298751 = 0. What are the prime factors of q?
1669
Suppose c = 5*z - 2*z - 66, -3*c + 2*z - 226 = 0. Let b = -76 - c. Suppose 0 = -5*j - 3*i + 1249, j - b*i = -2*j + 738. What are the prime factors of j?
2, 31
Suppose -11*r = -r - 380. Let b = -38 + r. Suppose b = 9*w - 738 - 1044. List the prime factors of w.
2, 3, 11
Suppose -5*w + 15 = 5. Suppose 4*u - 14 = -w*y, -5*u + 0*u + 16 = y. What are the prime factors of -3 + (93/u - -3)?
31
Let y = -178 + 178. Let p(g) = -g + 8. Let k be p(-7). Suppose y = -9*f + k*f - 120. List the prime factors of f.
2, 5
Let a = 184 + 565. Let t = 1144 - a. List the prime factors of t.
5, 79
Let g = -235 - 33. Let m = g - -546. List the prime factors of m*(-1)/(-4)*2.
139
Let q(a) = a**2 + 15*a + 14. Let z be q(-14). Suppose -f - 4 = -0, 3*g - 2*f - 41 = z. Suppose g*s - 120 = 9*s. What are the prime factors of s?
2, 3, 5
Suppose 2*l - 14292 = 4*p, -9*p + 7150 = l - 13*p. What are the prime factors of l?
2, 3571
Suppose 4 = 13*h - 22. Suppose 0 = -4*j - 20, -h*n - 12 = j - 247. What are the prime factors of n?
2, 3, 5
List the prime factors of ((-1338144)/15)/(-2) - 7/(-35).
5, 11, 811
Let p(o) = o**3 + 17*o**2 + 18*o + 10. Let i be p(-14). Suppose 3*w + 0*w = -4*r + i, -4*r + w = -354. List the prime factors of r.
2, 11
Suppose 2*q - 32085 = -f, 5*q + 184*f = 181*f + 80214. List the prime factors of q.
3, 5347
Let j(g) = 5 + 6 + 2*g**2 + 0*g**2. Let a be 1 + (-1)/(-4) + (-1376)/(-128) + -22. What are the prime factors of j(a)?
211
Let p(u) = u + 3. Let f be 0*(0 + 2/4). Let r be p(f). Suppose r*j - q = 178, j + 10 = 5*q + 74. What are the prime factors of j?
59
Let w = -21 - -21. Suppose w = 3*d + 438 - 1929. Suppose 0 = 5*g + 42 - d. What are the prime factors of g?
7, 13
Let p = -1592 + 817. Let u = 4 - p. What are the prime factors of u?
19, 41
List the prime factors of (9 - -6) + (12954 - 7).
2, 6481
List the prime factors of (14*13/(-26) - 4) + 262.
251
Suppose -65 = 2*f - f - 2*p, 2*f + 3*p + 151 = 0. Let j = f + 76. Suppose 2*u - 2 = 0, 2*b = j*b - 3*u - 204. What are the prime factors of b?
3, 23
Let d = -3 - -8. Suppose -5*x + d*m - 8*m + 131 = 0, -x = 3*m - 19. List the prime factors of x.
2, 7
Let d(x) = x**3 + 18*x**2 + 86. Let l = 3 + -18. List the prime factors of d(l).
761
Let v be 2/(-11) + ((-497110)/(-22))/5. Suppose -3*f + 2*i = -v, -3*f + i - 5*i = -4507. Suppose -f - 1085 = -10*o. What are the prime factors of o?
7, 37
Suppose 7*m - 110 = 2. Let d = -20 + m. What are the prime factors of (d - -5)*151/1?
151
Let i(k) = -k**3 + 12*k**2 + k - 10. Let y be i(12). Let c(r) = -43*r**3 - 14*r**2 + 1 + 7*r + 42*r**3 + y. List the prime factors of c(-15).
3, 41
Suppose -18*q - 54*q - 2520 = 0. Let u(o) = 160*o + 1. Let i be u(-1). Let r = q - i. List the prime factors of r.
2, 31
Let j be 1102/12 + (-4 + -15)/(-114). Let s(g) = g**3 - 3*g - 6. Let y be s(-4). Let x = y + j. What are the prime factors of x?
2, 17
Let n(p) = -p**3 - 58*p**2 + 259*p - 809. What are the prime factors of n(-71)?
3, 5, 3089
Suppose 2*k = 32324 + 1822. List the prime factors of k.
3, 7, 271
Let r be 17/((-2)/8*2). Suppose 17*z - 1212 - 828 = 0. Let x = r + z. What are the prime factors of x?
2, 43
Suppose 0 = 74*y - 69*y + 25933 - 69583. List the prime factors of y.
2, 3, 5, 97
Let h(v) = 23 + 50*v - 2*v**3 - 52*v + 46 + 4*v**2. What are the prime factors of h(-6)?
3, 73
Suppose -4*s + 13261 = 2*d - 7557, 5*d - 52045 = -5*s. What are the prime factors of d?
7, 1487
Suppose 25 = 5*h, 0 = 2*b - 0*h + 2*h - 6340. Suppose 0 = 12*f - b - 11619. List the prime factors of f.
2, 7, 11
Let h(t) = -681*t**3 - 13*t**2 - 15*t + 15. List the prime factors of h(-3).
2, 3, 5, 13, 47
Let u(s) = s**2 - 31*s + 150. Let t be u(6). Suppose 7*d - 15113 + 2478 = t. List the prime factors of d.
5, 19
Suppose -5*x + 34745 = 5*k, -12*x - 20837 = -3*k - 13*x. What are the prime factors of k?
2, 7, 31
Let y be 10 - ((-6)/(-1))/(-4 + 3). Suppose y*g = -2*g + 22662. What are the prime factors of g?
1259
Let b(o) = -33*o - 28. Let s be b(-1). Suppose 0 = s*h - 2079 - 4861. What are the prime factors of h?
2, 347
Let n = -55 - -134. Let q = -77 + n. Suppose -r - q*o + 74 = -30, 2*o = 2. List the prime factors of r.
2, 3, 17
Let u = 78 - 77. Suppose 5*a + 31 = u. What are the prime factors of -3*(-2)/a*-32*1?
2
Let h = 674 - 676. What are the prime factors of ((-11840)/(-384))/(h/(-12))?
5, 37
Suppose -4*b = -163 + 143. Suppose 789 = b*u - 561. List the prime factors of u.
2, 3, 5
Let w(f) = 11070*f**3 - 2 + 2*f**2 - f**2 - 11125*f**3 - 3*f. List the prime factors of w(-2).
2, 7
Let o = 11844 + 2286. List the prime factors of o.
2, 3, 5, 157
Let r(o) = 155*o + 9. Let t be ((-63)/(-105))/(2/10). Let d be r(t). Suppose -62*j = -65*j + d. List the prime factors of j.
2, 79
Let d(m) = 43*m + 75. Suppose -10*s = -78 - 182. What are the prime factors of d(s)?
1193
Suppose -6 - 9 = -o. Let i be 3/2*(o/(-9) + 3). List the prime factors of (i/(-2 - 0))/1 - -79.
2, 3, 13
Let g(p) = 2713*p - 1571. What are the prime factors of g(6)?
7, 11, 191
Let p = -16940 + 31539. List the prime factors of p.
13, 1123
Suppose -5*p + 1105 = -4*h - 1575, 0 = 4*p - 3*h - 2144. Let l = p + 38. What are the prime factors of l?
2, 7, 41
Let f(i) = -8*i**3 - 4*i**2 + i - 3. Let o be f(2). Let l = -79 - o. List the prime factors of 8 - (-2 - (l - 2)).
2, 5
Let s(i) = 3*i**2 + 42*i + 70. What are the prime factors of s(-30)?
2, 5, 151
Suppose 579*y = 656*y - 930622. What are the prime factors of y?
2, 6043
Let w be 22 + (0 + (-3 - -5))/(-1). Let p be (-24)/w*(-2 - 298). Suppose 18*x - 792 = p. List the prime factors of x.
2
Suppose -h + 2*x = -284, 10 = -2*x - 0. Let t = 32 + h. List the prime factors of t.
2, 3, 17
Suppose -82*k - 9395928 = -195*k - 331*k. What are the prime factors of k?
2, 3, 3527
Let o be 10/(((-8)/2)/(-15 - -13)). Suppose -8 = 2*z + 4*m, 5*z - m - o = -6*m. Suppose -54 = -z*f + 720. List the prime factors of f.
3, 43
Suppose -2*j = -5*j + 3*c + 84, -2*c = 5*j - 147. Let q = j + -120. Let b = q - -102. List the prime factors of b.
11
Let j = 451 + -175. Let d be j/60 + 6/(-10). What are the prime factors of d/(-6) + (-804)/(-18)?
2, 11
Let r = -41 - -55. Let b = 19 - r. List the prime factors of -265*3/b*(-10)/15.
2, 53
Let n(m) = 2323*m - 1076. What are the prime factors of n(6)?
2, 59, 109
Let p be (-2)/5*(-4)/(80/50). What are the prime factors of ((-2760)/18 + 1)/(p/(-3))?
457
Let q(p) = -p + 6. Let c = 13 - 8. Let d be q(c). What are the prime factors of (d/(-3))/((-28)/6384)?
2, 19
Let s(x) = 421*x - 599. What are the prime factors of s(11)?
2, 3, 7
Suppose -239*a + 460 = -237*a. Let l = 508 - a. What are the prime factors of l?
2, 139
Suppose 3*t + 5*x = -187, -2*x - 3*x + 325 = -5*t. Let r = t + 50. List the prime factors of 1156/28 - (-4)/r.
41
Let n(x) = x**3 + 7*x**2 + 5*x. Let h be n(-6). Let b(l) = 4*l**3 - 8*l**2 + 2. What are the prime factors of b(h)?
2, 17
List the prime factors of ((-30)/55)/(12/(-66)) + 7766.
17, 457
Let w(h) = h**2 - 11. Let f be w(4). Suppose 2*n = -5*y + 36, 15*y - 19*y = -f*n + 156. List the prime factors of n.
2, 7
Suppose 4*s - 32592 - 24636 = 2860. List the prime factors of s.
2, 7, 29, 37
Let a be 40/24*(-12)/(-10). Let x(d) = 34*d - 128*d - 93*d + a + 7*d. List the 